 117347718?
2, 3, 19557953
List the prime factors of 50050306.
2, 31, 431, 1873
What are the prime factors of 254819847?
3, 211, 402559
What are the prime factors of 811617887?
811617887
What are the prime factors of 2807338316?
2, 17, 313, 131899
List the prime factors of 47716045.
5, 13, 47, 15619
List the prime factors of 196449910.
2, 5, 281, 69911
List the prime factors of 26425648.
2, 41, 40283
What are the prime factors of 256807959?
3, 85602653
What are the prime factors of 3801781762?
2, 71, 853, 31387
List the prime factors of 4176148158.
2, 3, 7, 13, 17, 49991
What are the prime factors of 17023739?
3643, 4673
What are the prime factors of 33394341?
3, 17, 29, 67, 337
List the prime factors of 1421821293.
3, 31, 2381, 6421
What are the prime factors of 432810657?
3, 48090073
What are the prime factors of 20654121?
3, 19, 362353
List the prime factors of 640490904.
2, 3, 73, 233, 523
List the prime factors of 40423346.
2, 2243, 9011
What are the prime factors of 3244612?
2, 7, 115879
What are the prime factors of 224952073?
59, 173, 22039
List the prime factors of 87509423.
97, 271, 3329
What are the prime factors of 205136653?
41, 173, 28921
What are the prime factors of 2177429557?
14107, 154351
List the prime factors of 65118678.
2, 3, 10853113
List the prime factors of 540846.
2, 3, 30047
List the prime factors of 2006892796.
2, 229, 241, 9091
List the prime factors of 66560468.
2, 13, 283, 4523
What are the prime factors of 21830597?
443, 49279
List the prime factors of 1016377786.
2, 508188893
What are the prime factors of 250824923?
193, 839, 1549
List the prime factors of 324678580.
2, 5, 17, 23, 41519
What are the prime factors of 531517919?
531517919
List the prime factors of 198520858.
2, 241, 1709
What are the prime factors of 132870726?
2, 3, 499, 4931
What are the prime factors of 8630564?
2, 2157641
What are the prime factors of 4181926818?
2, 3, 9851, 70753
List the prime factors of 21086313.
3, 7028771
What are the prime factors of 1099552291?
6287, 174893
List the prime factors of 28629407.
28629407
List the prime factors of 61370951.
1109, 55339
What are the prime factors of 1515414779?
173, 727, 12049
What are the prime factors of 73831291?
157, 470263
List the prime factors of 2344879579.
7, 13567, 24691
List the prime factors of 2697595231.
31, 2807071
List the prime factors of 157670906.
2, 149, 529097
What are the prime factors of 393012553?
29, 67, 83, 2437
What are the prime factors of 73461197?
73461197
What are the prime factors of 157292443?
7, 11, 73, 27983
List the prime factors of 1302049169.
27751, 46919
What are the prime factors of 72269405?
5, 13, 107, 10391
List the prime factors of 34156313.
149, 229237
List the prime factors of 619581161.
6701, 92461
What are the prime factors of 547737910?
2, 5, 61, 897931
List the prime factors of 3058621456.
2, 11, 17378531
List the prime factors of 5511664857.
3, 193, 9519283
What are the prime factors of 154721570?
2, 5, 1523, 10159
List the prime factors of 1309184698.
2, 654592349
What are the prime factors of 834841166?
2, 23, 47, 386143
List the prime factors of 4615898495.
5, 13, 461, 154043
What are the prime factors of 1773864570?
2, 3, 5, 59128819
What are the prime factors of 152791738?
2, 11, 1229, 5651
List the prime factors of 969913964.
2, 727, 333533
List the prime factors of 520799683.
520799683
What are the prime factors of 197783676?
2, 3, 5493991
What are the prime factors of 8359694991?
3, 34402037
List the prime factors of 54585101.
37, 67, 97, 227
List the prime factors of 446664482.
2, 11, 1845721
List the prime factors of 593614469.
7, 53, 228577
List the prime factors of 228509867.
2371, 96377
What are the prime factors of 64139454?
2, 3, 3563303
What are the prime factors of 31795749?
3, 59, 59879
List the prime factors of 11186347.
11186347
List the prime factors of 102093539.
102093539
What are the prime factors of 71716530?
2, 3, 5, 23, 4519
List the prime factors of 77653791.
3, 31, 278329
What are the prime factors of 1331722291?
1331722291
List the prime factors of 38488953.
3, 12829651
What are the prime factors of 77245976?
2, 257, 37571
List the prime factors of 450516721.
450516721
What are the prime factors of 219562999?
2111, 104009
List the prime factors of 153883997.
131, 1174687
What are the prime factors of 3746820414?
2, 3, 5147, 121327
What are the prime factors of 3214342729?
13, 293, 843881
What are the prime factors of 12817897?
12817897
List the prime factors of 4188521661.
3, 1396173887
What are the prime factors of 2007711248?
2, 125481953
List the prime factors of 1793108344.
2, 73, 3070391
What are the prime factors of 1541930369?
7, 2203, 99989
List the prime factors of 123654101.
659, 187639
List the prime factors of 7800034.
2, 11, 31, 11437
List the prime factors of 70531272.
2, 3, 7, 139943
What are the prime factors of 27303237?
3, 13, 43, 67
List the prime factors of 173030323.
43, 1237, 3253
What are the prime factors of 5993680783?
79, 75869377
List the prime factors of 2201240780.
2, 5, 67, 1642717
What are the prime factors of 326528545?
5, 7, 29, 389, 827
What are the prime factors of 180578391?
3, 7, 41, 131, 1601
List the prime factors of 38486691.
3, 17, 191, 439
What are the prime factors of 2222386802?
2, 43, 241, 107227
What are the prime factors of 179739657?
3, 17, 1174769
What are the prime factors of 906728318?
2, 431, 1051889
What are the prime factors of 2982961775?
5, 101, 431, 2741
What are the prime factors of 109703229?
3, 1609, 22727
What are the prime factors of 2064702207?
3, 17, 31, 1305947
List the prime factors of 237116525.
5, 79, 211, 569
List the prime factors of 1124332608.
2, 3, 7, 83, 10079
List the prime factors of 273403992.
2, 3, 83, 137251
What are the prime factors of 33767687?
29, 139, 8377
What are the prime factors of 398066743?
683, 582821
List the prime factors of 27825652.
2, 19, 366127
What are the prime factors of 24047884?
2, 7, 137, 6269
What are the prime factors of 60611580?
2, 3, 5, 83, 4057
What are the prime factors of 368215554?
2, 3, 7, 19, 157, 2939
What are the prime factors of 2136112805?
5, 427222561
What are the prime factors of 1790496044?
2, 293, 1527727
List the prime factors of 52313994.
2, 3, 2906333
List the prime factors of 3531095491.
7, 11, 823, 55721
List the prime factors of 3620097237.
3, 1206699079
What are the prime factors of 51741476?
2, 12935369
List the prime factors of 25371841.
11, 2306531
What are the prime factors of 2664162969?
3, 13, 68311871
What are the prime factors of 74789847?
3, 11, 151, 5003
What are the prime factors of 844959424?
2, 1459, 9049
List the prime factors of 1314469583.
7, 67, 2802707
What are the prime factors of 1787357287?
1181, 1513427
What are the prime factors of 342080887?
229, 331, 4513
What are the prime factors of 165005481?
3, 19, 2894833
List the prime factors of 30610240.
2, 5, 23, 4159
What are the prime factors of 1831412740?
2, 5, 2207, 41491
What are the prime factors of 980972103?
3, 23, 83, 103, 1663
List the prime factors of 36188176.
2, 251, 9011
What are the prime factors of 3058693403?
3058693403
List the prime factors of 82844930.
2, 5, 7, 71, 79, 211
List the prime factors of 1737434.
2, 17, 137, 373
List the prime factors of 122015512.
2, 15251939
What are the prime factors of 2954414813?
7, 37, 11407007
List the prime factors of 701890128.
2, 3, 149, 32713
List the prime factors of 630574823.
499, 1263677
What are the prime factors of 193538515?
5, 277, 139739
List the prime factors of 437238605.
5, 53, 83, 103, 193
List the prime factors of 51793903.
7, 293, 25253
What are the prime factors of 368776593?
3, 40975177
List the prime factors of 129051891.
3, 1543, 9293
What are the prime factors of 732908804?
2, 53, 3457117
List the prime factors of 337716920.
2, 5, 8442923
List the prime factors of 881973949.
59, 14948711
What are the prime factors of 38219126?
2, 11, 127, 13679
List the prime factors of 606231690.
2, 3, 5, 20207723
List the prime factors of 235060337.
235060337
What are the prime factors of 273124427?
273124427
What are the prime factors of 108461521?
7, 15494503
What are the prime factors of 656552256?
2, 3, 3419543
What are the prime factors of 492